*a + 6, -6*z - 5*a + 60 = -z. Suppose -5*f - 94 = -539. Let c = 95 - f. What is the greatest common factor of c and z?
3
Suppose 45*y = 52*y - 1708. Suppose -5*r + 5 = 3*a - 9, 5*r - 22 = a. What is the highest common factor of y and r?
4
Let n(s) = 15*s**2 - 33*s + 72. Let c be n(6). What is the highest common factor of 3174 and c?
138
Let n = 12 - 6. Suppose 0 = n*i - i - 50. Let m = 68 - 53. Calculate the greatest common factor of m and i.
5
Suppose -2*s + 2 = -s. Suppose 3*f - 15 = 0, -5*z + 32 - 7 = s*f. Suppose -z*w + 9 = 0, -2*y + 3*w = 2*y - 27. What is the greatest common factor of y and 1?
1
Let j(z) = -z**2 - 22*z + 124. Let b be j(-25). Suppose b = 4*t - 931. Calculate the highest common factor of 147 and t.
49
Suppose 4*k = 4*d + 152 + 100, 4*k - 273 = -3*d. Let g = 73 - k. Calculate the highest common divisor of 196 and g.
7
Suppose 15 = 2*a - 2*i + 3, -19 = a + 4*i. Let h(c) = -c**2 - 16*c - 36. Let n = -97 - -84. Let q be h(n). What is the greatest common factor of a and q?
1
Suppose -h + 124 = 274. Let g = h + 152. What is the greatest common divisor of 3 and g?
1
Let h be -2*(-5)/((-40)/(-12)). Suppose -h*a = -5*u - 1140, -u = -a - 5*u + 397. Let b = a + -193. What is the greatest common factor of b and 24?
24
Let h(q) = 5*q**2 - 17*q - 132. Let s be h(-6). What is the highest common divisor of s and 12?
6
Let z = -4557 - -4690. What is the highest common factor of z and 361?
19
Suppose -7*q = -6*q - 93. Suppose 40*c - 52*c = -372. Calculate the greatest common factor of c and q.
31
Let s(p) = -6*p**3 - 4*p**2 + 9*p + 99. Let g be s(-10). Calculate the greatest common divisor of g and 79.
79
Let w(x) = 54*x**3 + x. Let a be w(1). Let h be (-44)/5*595/(-238) + 11. What is the highest common divisor of a and h?
11
Let a = -381 - -605. Suppose -2*y = -15*y - 19*y + 448. Calculate the highest common divisor of a and y.
14
Let v = -25 - -29. Suppose -3*k - 306 = -8*k - v*s, 0 = 2*k - 5*s - 96. Suppose k = 3*a - 47. Calculate the highest common factor of 175 and a.
35
Suppose 308 = 3*g - 2*g. Suppose 0 = 19*o - 3527 + 2463. Calculate the highest common divisor of o and g.
28
Let g(l) = -3*l**2 + l - 5. Let b be g(-9). Let i = 182 - 118. Let n be (0 - -1)/(-4 - b/i). Calculate the greatest common divisor of 8 and n.
8
Let a be 525/14*((5 - 1) + (-224)/70). What is the highest common factor of 280 and a?
10
Suppose -13*u = -22*u + 6*u + 39999. What is the highest common divisor of 67 and u?
67
Let r be 34 - ((-2)/(-1) + -4). Let p be 160*16/((-240)/(-27)). What is the highest common divisor of r and p?
36
Let g be ((-3552)/(-259))/(4/28). What is the highest common factor of 2168 and g?
8
Let z = 64 - 34. Let k be (1206/12)/((-8)/(-12)) + 6/(-8). What is the highest common divisor of z and k?
30
Let z = 8 + -3. Let b be (8/(-22))/2 - (-2765)/869. Suppose 7 = c + 4*o - 24, -o - 106 = -b*c. Calculate the highest common factor of c and z.
5
Let x be (2 + (-93)/(-2))/((-73)/(-4526)). What is the highest common factor of x and 97?
97
Let t = -106 - -110. Suppose 4*x + t*d - 29 = -1, -3*d = -3*x - 9. Suppose -2*g + 8 = -4*g, 14 = q + x*g. Calculate the greatest common factor of q and 110.
22
Suppose -5*h - 3 = 7, 2*h = -5*r + 366. Suppose -l = 2*m + 3*m - 94, 4*m - r = -2*l. Let y be (-16)/(1*(-2)/19). What is the greatest common factor of y and m?
19
Suppose 0 = -3*p - 2*o + 58, -14*p + 11*p + 3*o + 33 = 0. Let u = 104 - 365. Let a = u + 437. Calculate the greatest common factor of a and p.
16
Let u be 10 + (22778/14 - -1). Calculate the highest common divisor of u and 2142.
126
Let v = -376 - -474. Suppose -a + v = -604. What is the greatest common divisor of a and 54?
54
Let n = 313 + -265. What is the highest common divisor of 4632 and n?
24
Let m be (((-114)/75)/(1/(-105)))/((-54)/(-180)). What is the greatest common factor of 988 and m?
76
Suppose -8*g + 48 + 40 = 0. Let v(k) = 7*k**2 - 5*k - 3. Let u be v(-5). Let m = u + -98. Calculate the highest common factor of m and g.
11
Suppose 2*d = 3*o - 4 - 32, 0 = -4*d - 4*o - 72. Let p be (-165)/(78/d - -4). What is the greatest common factor of p and 55?
55
Suppose 7*p - 10*x + 11*x = 645, 0 = 2*p - 2*x - 182. Calculate the highest common divisor of p and 1357.
23
Let j(d) = -d**3 + 79*d**2 + 83*d - 119. Let y be j(80). Calculate the greatest common divisor of 3751 and y.
121
Suppose -57*r - 34348 - 13184 = -74*r. What is the greatest common divisor of 60 and r?
12
Let k be (-3)/7 - (-5102)/14. Calculate the greatest common factor of k and 208.
52
Let l(q) = -2418*q + 2346. Let j be l(-2). What is the highest common factor of j and 42?
42
Let a be (8 - (-8)/4) + 8. Suppose 1160 = a*h - 136. Let b = 5 - -31. Calculate the greatest common divisor of b and h.
36
Let k(b) = 2*b**2 + 71*b + 355. Let p be k(-30). What is the greatest common divisor of p and 575?
25
Let a(v) = -v**2 + 17*v. Let x be a(17). Suppose 4*t + 0*r - 75 = r, -2*t + 4*r + 20 = x. Calculate the greatest common divisor of 30 and t.
10
Let v be 8/(-14) - 684/(-266). Let w(o) = o**3 - 4*o**2 - 5*o + 2. Let g be w(5). Suppose -g*p = -3*p + 6. Calculate the greatest common factor of v and p.
2
Let s be (-6)/36*(1 + -3)*12. Suppose s*x - 534 = -102. What is the highest common divisor of 12 and x?
12
Suppose 4*v + 6*v - 4110 = 0. Let l = v + -371. Let s = 610 - 250. Calculate the highest common factor of l and s.
40
Let m(h) = 3*h**3 + 2*h**2 + 2. Let v be m(2). Let g be 51/v*8/2. Let s be 1/g*2 + (-465)/(-9). Calculate the greatest common divisor of s and 13.
13
Suppose 4*q = -i + 8057, 4*i - 1436 = -1464. What is the greatest common divisor of 64 and q?
32
Suppose 59*r + 1205 = 6397. Let q(p) = -p**3 - p**2 + 2*p - 4. Let a be q(-3). What is the highest common factor of a and r?
8
Suppose 0*x = 9*x - 1791. Suppose -55 + x = 4*s. What is the greatest common factor of s and 12?
12
Suppose -m = -4*q + 6*q - 607, 5*q + 3*m = 1520. Calculate the greatest common factor of q and 516.
43
Suppose 39*m = 46*m - 2828. Let r = m - 397. Calculate the highest common factor of 63 and r.
7
Suppose 7*f - s - 12 = 10*f, 2*f = -3*s - 15. Let w be f*((-100)/15 + -3). Calculate the greatest common divisor of w and 203.
29
Let y(r) = -r**2 + 6*r + 42. Suppose -54 = -21*u + 15*u. Let p be y(u). Calculate the greatest common divisor of 435 and p.
15
Suppose -17*l + 13*l = -8. Suppose l*b + 8 = 0, 5*w = w + 4*b + 36. What is the greatest common divisor of 5 and w?
5
Let u = 250 + -99. Let h = -95 + u. What is the highest common divisor of 8 and h?
8
Suppose -31*a + 593 = -3623. Calculate the greatest common factor of a and 595.
17
Let q(y) = 24*y + 1347. Let w be q(-51). Calculate the greatest common factor of 3 and w.
3
Suppose -119*z + 1877483 = -5*z + 295733. What is the highest common factor of z and 15?
15
Let w(c) be the third derivative of c**5/15 - 11*c**4/24 + 65*c**3/6 - 127*c**2. Let q be w(7). Calculate the highest common factor of 23 and q.
23
Let d(v) = 19*v + 142. Let b be d(-6). Suppose 2 - 5 = -z. Suppose 0 = -5*k - z*j + 21 + 52, -51 = -4*k + 5*j. What is the greatest common factor of k and b?
14
Let j be ((5 - 3)/2)/(-1)*-3. Let v be 0 - (1 - j) - 19. Let a be v*((-15)/3 - -4). What is the greatest common divisor of 187 and a?
17
Let v be (-21)/(-35) - 12/20 - -1449. Suppose 3*i = -5*u + 4193, -4*u - 5*i + 1895 + v = 0. What is the highest common factor of u and 29?
29
Let y = 12 - 6. Let o be 198 + -102 + (27/4 - (-9)/(-12)). What is the highest common divisor of y and o?
6
Let k be (-57)/2*(-85096)/132. Calculate the highest common divisor of k and 19.
19
Suppose -3 = -2*m - q, -3*q - 35 = -5*m - 0*q. Suppose -m*g + 115 = 2*w - w, 2*g - 80 = 4*w. What is the greatest common divisor of 190 and g?
10
Suppose 4*h + 2*p - 444 = -140, 2*h - 164 = 5*p. Let n = 77 + h. What is the highest common divisor of 44 and n?
22
Let q(i) = 23*i**3 - 3*i**2 - i - 1. Let c be q(-2). Let s = c - -222. What is the highest common factor of s and 216?
27
Let m = -273 - -278. Suppose 3*s + 5*j - 1180 = j, 5*j = m. What is the greatest common factor of s and 14?
14
Let f(r) be the second derivative of r**4/3 - 19*r**3/3 + 4*r**2 - 71*r. Let b be f(12). What is the highest common factor of b and 320?
64
Let o(r) = r + 7. Let v be o(10). Suppose -12*